 multiple of 108?
False
Is 27213360 a multiple of 12?
True
Is 9 a factor of 89537525?
False
Is 146559248 a multiple of 734?
True
Is 16 a factor of 95313192?
False
Is 2083 a factor of 588155382?
False
Does 30 divide 373226790?
True
Is 921095542 a multiple of 10?
False
Is 44 a factor of 49451248?
True
Is 73 a factor of 195667247?
False
Is 302600 a multiple of 356?
True
Is 749 a factor of 197639379?
True
Does 25 divide 3103739580?
False
Does 130 divide 59466420?
True
Is 121 a factor of 8336416?
True
Is 4258 a factor of 7451472987?
False
Is 53 a factor of 996441870?
True
Is 9 a factor of 21290970?
False
Does 375 divide 70542063?
False
Is 42316857 a multiple of 209?
True
Does 75 divide 32685975?
True
Is 447348538 a multiple of 182?
True
Is 15 a factor of 255153958?
False
Is 72300821 a multiple of 14?
False
Is 42306966 a multiple of 18?
True
Does 5051 divide 1047066839?
False
Is 45339508 a multiple of 2?
True
Is 935020242 a multiple of 414?
True
Does 498 divide 74676250?
False
Is 17 a factor of 294277922?
True
Is 37287582 a multiple of 425?
False
Is 225685040 a multiple of 560?
True
Does 422 divide 82681194?
True
Does 9 divide 5354825589?
True
Is 10163 a factor of 2298365378?
False
Is 548718330 a multiple of 10?
True
Is 84 a factor of 107495304?
True
Does 37 divide 11995770?
True
Does 10116 divide 2428790904?
True
Is 9608456 a multiple of 43?
False
Is 24 a factor of 39664331?
False
Is 1598808 a multiple of 24?
True
Is 250569330 a multiple of 3?
True
Does 88 divide 31614000?
True
Is 120 a factor of 6756850?
False
Does 28 divide 29726150?
False
Is 14 a factor of 1120781158?
True
Is 1156 a factor of 605458468?
True
Is 62 a factor of 1699962252?
True
Does 126 divide 7645050?
True
Is 16338986 a multiple of 255?
False
Does 47 divide 19961687?
False
Is 43 a factor of 164432424?
False
Is 16633200 a multiple of 400?
True
Is 21 a factor of 169646840?
False
Does 8 divide 8740008?
True
Does 1152 divide 9459072?
True
Is 192 a factor of 61190602?
False
Is 423096875 a multiple of 98?
False
Is 11 a factor of 5009180?
True
Is 932236515 a multiple of 147?
True
Does 6 divide 10887144?
True
Does 3661 divide 780030965?
True
Is 58 a factor of 226827393?
False
Is 115596598 a multiple of 26?
True
Does 3 divide 7280816?
False
Is 17 a factor of 1413119305?
True
Does 9 divide 263308719?
False
Does 13 divide 535802066?
False
Is 19164413 a multiple of 320?
False
Is 311 a factor of 53168249?
True
Does 22 divide 571373848?
False
Is 274565172 a multiple of 7851?
True
Is 26409174 a multiple of 11?
True
Is 69 a factor of 579465308?
False
Does 71 divide 1263679?
False
Is 35316548 a multiple of 29?
True
Does 49 divide 5666605?
True
Is 7 a factor of 26708581?
False
Does 39 divide 16628472?
False
Does 24 divide 114923760?
True
Does 35 divide 139862452?
False
Does 57 divide 48309994?
False
Does 29 divide 430776875?
True
Does 84 divide 29677814?
False
Is 390064721 a multiple of 11?
False
Does 2173 divide 55363115?
False
Is 390953028 a multiple of 124?
True
Is 11115503 a multiple of 313?
False
Is 157441232 a multiple of 172?
True
Does 33 divide 43399092?
True
Does 1538 divide 406584418?
False
Is 54930982 a multiple of 50?
False
Does 6 divide 593456166?
True
Is 241483928 a multiple of 617?
True
Does 196 divide 1053729516?
True
Is 129124515 a multiple of 418?
False
Is 84 a factor of 136062192?
True
Does 30 divide 413369561?
False
Is 1645 a factor of 5571365?
False
Is 890338338 a multiple of 5714?
True
Is 227264016 a multiple of 112?
True
Is 17170258 a multiple of 15?
False
Does 320 divide 478551430?
False
Is 16 a factor of 43410260?
False
Does 132 divide 281451749?
False
Is 70 a factor of 303396590?
True
Is 32 a factor of 216389525?
False
Is 67828883 a multiple of 1442?
False
Is 2491092652 a multiple of 88?
False
Does 706 divide 39081263?
False
Is 854 a factor of 180192707?
False
Does 5717 divide 52676438?
True
Is 528 a factor of 962983824?
True
Does 296 divide 3239961?
False
Is 6778338 a multiple of 7?
True
Does 1819 divide 165147348?
False
Is 1240 a factor of 1740758505?
False
Is 656825536 a multiple of 46?
True
Is 1184172264 a multiple of 19?
True
Is 1907295 a multiple of 15?
True
Is 361541933 a multiple of 859?
True
Is 115057163 a multiple of 2304?
False
Is 61458475 a multiple of 2272?
False
Is 104 a factor of 30323713?
False
Is 58546483 a multiple of 920?
False
Does 735 divide 31203638?
False
Is 453 a factor of 590571?
False
Is 680 a factor of 373763076?
False
Is 83831434 a multiple of 47?
False
Is 10327406 a multiple of 8?
False
Does 10854 divide 994669815?
False
Is 378 a factor of 2306246040?
True
Does 445 divide 18722154?
False
Does 551 divide 1260926593?
False
Is 376111512 a multiple of 5832?
True
Does 2 divide 171604397?
False
Is 18 a factor of 10135868?
False
Is 78981682 a multiple of 26?
True
Is 23 a factor of 1043913305?
True
Does 2721 divide 1409818879?
False
Does 739 divide 2655340182?
False
Is 128 a factor of 696067890?
False
Is 26 a factor of 25696866?
True
Is 14 a factor of 968005332?
True
Is 556394709 a multiple of 3081?
True
Does 138 divide 551686464?
True
Does 39 divide 914004956?
False
Is 9027494 a multiple of 2?
True
Is 37020907 a multiple of 3986?
False
Is 783 a factor of 23610582?
True
Is 189 a factor of 78754311?
False
Is 517938610 a multiple of 7?
True
Is 1770 a factor of 2128460400?
True
Is 225 a factor of 158086350?
True
Does 5114 divide 728949560?
True
Is 550679640 a multiple of 8232?
True
Is 7 a factor of 276597911?
False
Does 36 divide 169708752?
True
Does 662 divide 123671007?
False
Does 910 divide 2968028963?
False
Is 354 a factor of 285783786?
False
Is 52 a factor of 84775707?
False
Does 773 divide 257881658?
False
Does 20 divide 76953280?
True
Does 3 divide 12528346?
False
Is 48629753 a multiple of 17?
False
Is 73 a factor of 55578112?
True
Is 2867417 a multiple of 19?
False
Is 1087 a factor of 161615557?
False
Is 19 a factor of 71040050?
True
Is 5357751446 a multiple of 6332?
False
Does 8 divide 172086091?
False
Is 8571605 a multiple of 50?
False
Is 192 a factor of 48058368?
True
Is 409472978 a multiple of 334?
True
Is 382002732 a multiple of 36?
True
Is 33 a factor of 32029556?
False
Does 1175 divide 46003600?
True
Is 2760911633 a multiple of 74?
False
Does 3323 divide 113760539?
False
Is 17943462 a multiple of 18?
True
Is 5279739 a multiple of 27?
False
Does 6422 divide 4403652671?
False
Does 149 divide 30366335?
False
Is 37773445 a multiple of 556?
False
Is 131 a factor of 148327034?
False
Is 1922 a factor of 1600247590?
True
Is 4819 a factor of 4769788372?
True
Is 120 a factor of 130966939?
False
Is 34 a factor of 126924515?
False
Does 1308 divide 21384492?
True
Is 24 a factor of 1123000560?
True
Does 56 divide 111952400?
True
Is 181 a factor of 82781596?
False
Is 99408974 a multiple of 13?
False
Is 293 a factor of 28409539?
False
Does 139 divide 109947320?
False
Is 340 a factor of 158669371?
False
Does 238 divide 1358329070?
True
Is 915392042 a multiple of 567?
False
Is 2884 a factor of 264015780?
True
Is 1737334293 a multiple of 57?
True
Does 149 divide 40512504?
True
Is 240902324 a multiple of 52?
True
Does 2445 divide 3894062591?
False
Is 117 a factor of 215607134?
False
Is 831691840 a multiple of 35?
True
Does 10 divide 98629070?
True
Is 184290234 a multiple of 969?
True
Is 6540573 a multiple of 189?
False
Does 361 divide 431313053?
True
Is 788500930 a multiple of 14?
True
Is 3001702019 a multiple of 6959?
True
Is 1242461199 a multiple of 7?
True
Is 1220087390 a multiple of 2003?
True
Does 203 divide 9006907?
True
Does 33 divide 541994494?
False
Is 49 a factor of 22360626?
False
Is 4525 a factor of 1492557675?
True
Does 16 divide 20082963?
False
Is 824 a factor of 41668267?
False
Does 25 divide 204858285?
False
Is 278134243 a multiple of 464?
False
Is 508 a factor of 55962296?
True
Is 36961440 a multiple of 480?
True
Does 13 divide 37549772?
True
Is 13 a factor of 82723095?
True
Is 107048293 a multiple of 110?
False
Is 6 a factor of 172733395?
False
Is 2497 a factor of 372926950?
True
Is 24190386 a multiple of 57?
False
Is 2549 a factor of 2184134402?
False
Is 262 a factor of 158971560?
False
Is 23 a factor of 457768?
False
Is 120517954 a multiple of 6?
False
Does 282 divide 328522386?
True
Is 6852114 a multiple of 6?
True
Does 15 divide 323